 u?
12
Let u be ((-14)/(-21))/(3/369). Suppose -5*k = -u - 163. What is the greatest common divisor of k and 441?
49
Suppose -q + 33*p + 575 = 38*p, q = -3*p + 581. What is the greatest common factor of 118 and q?
118
Let o be ((-8)/12*3)/((-15)/90). What is the highest common divisor of 40 and o?
4
Suppose 116*f - 123*f + 1232 = 0. Calculate the highest common factor of 22 and f.
22
Let x = 558 - -82. Calculate the highest common divisor of 20 and x.
20
Suppose -3*b = -2*q - 11, 4*q = 4*b - 1 - 7. Suppose 5 = b*m - 9. What is the greatest common factor of 6 and m?
2
Let w = -581 + 1075. Suppose -w = -3*v - 143. What is the highest common divisor of v and 9?
9
Let y(d) = d**3 - 8*d**2 + 6*d + 9. Let h be y(7). Suppose -h*r + 24 = 2*r. Calculate the highest common factor of r and 6.
6
Let x(g) = -15*g + 386. Let w be x(24). What is the highest common factor of w and 14?
2
Suppose 3*y + 9*y = -1080. Let q be (-3)/(-27)*-3*y. What is the highest common factor of 90 and q?
30
Let k(q) be the second derivative of 5*q**4/6 - 5*q**2 + 11*q + 1. Let r be k(3). Calculate the greatest common factor of 20 and r.
20
Suppose 10*s + 282 = 13*s. Suppose -3*n + s = 2*o, -3*o - o = 4. What is the greatest common factor of n and 352?
32
Let m be (-3)/(-9) - (-78)/9. Let y = m - -3. What is the greatest common divisor of y and 2?
2
Let o be -5*(-4)/140 + 198/(-14). Let v(x) = x**2 + 16*x + 35. Let c be v(o). What is the highest common divisor of c and 14?
7
Let f be (57 + -64)*-4*1. Calculate the highest common factor of 119 and f.
7
Let f be (45/27 + 3)*1404/8. Calculate the highest common divisor of 126 and f.
63
Suppose 4*r + b - 4 = 0, 5*r - 4 = r - 2*b. Let k be (102/(-119))/(r/(-7)). Let m = 79 + -49. What is the highest common factor of k and m?
6
Let r be (45/81*6)/(4/66). Calculate the highest common divisor of 22 and r.
11
Suppose -5*w = -w - 24. Suppose -g = 1 - w. What is the highest common divisor of g and 50?
5
Let o be (-2 + 20 + -15)*46/3. Calculate the greatest common divisor of 69 and o.
23
Let w = -115 + 117. Let u be w/(3/((-18)/(-4))). Let c = 5 - 2. Calculate the greatest common divisor of c and u.
3
Suppose 17*h + 1848 = 29*h. Suppose 3*a - 28 = a. Calculate the highest common factor of h and a.
14
Let w(b) = -22*b - 2. Let j = 6 - 7. Let y be w(j). Calculate the highest common divisor of 60 and y.
20
Let q(r) = 2*r**2 - 5*r - 4. Let y be q(4). Suppose 4*i = -4*c + 48, -4*c + 2*c = y. Let l = i + -7. Calculate the highest common divisor of l and 72.
9
Suppose -11*o + 81 = -18. What is the highest common factor of o and 45?
9
Suppose 173*x - 176*x + 24 = 0. Calculate the highest common factor of 44 and x.
4
Let b(q) = 87*q**3 + 2*q**2 - 12*q + 11. Let k be b(1). Calculate the greatest common factor of 77 and k.
11
Suppose -296*u + 293*u + 288 = 0. Suppose -5*m + 2*a - 54 = -0*a, m + a = -15. Let j be (1/1)/((-1)/m). Calculate the highest common factor of u and j.
12
Let n(v) = v**3 + 11*v**2 + 7*v + 6. Let j be n(-9). Suppose -4*c - 13 = -j. Calculate the highest common divisor of c and 253.
23
Let b be 4/((-32)/(-12)) + 189/6. Suppose 2*k - 13 = 9. Calculate the highest common divisor of k and b.
11
Let p(o) = 33*o**2 + 12*o + 11. Let v be p(-1). What is the greatest common factor of 24 and v?
8
Suppose 2*j - 30 = -5*w, -w + 0*w - 3*j + 19 = 0. Suppose -3*r - 16 = -w. Let h be (-2)/r*(-1 - -3). Calculate the greatest common divisor of 7 and h.
1
Let c(h) = -h. Let x(s) = -8*s + 19. Let z(g) = -14*c(g) + 2*x(g). Let a be z(11). Calculate the greatest common divisor of a and 32.
16
Suppose 93*r - 96*r - 18 = -f, 2*r = -6. What is the greatest common divisor of f and 24?
3
Let z be (4 - 2)*37/2. Suppose -3*r = -23*d + 20*d + 228, 4*d = 3*r + 302. Calculate the highest common factor of z and d.
37
Suppose 5*o - 1719 = 1291. What is the highest common divisor of 14 and o?
14
Suppose 5*s + 44 = -3*q, 3*s + 2*s - 20 = 5*q. Let h(g) = g**2 + 5*g + 14. Let l be h(q). Calculate the greatest common divisor of 114 and l.
38
Let s(b) = -b**3 - 2*b**2 + 7*b - 2. Let r be s(-4). Suppose 3*g - 8*g = 2*n + 14, -17 = -3*n + r*g. What is the highest common divisor of 15 and n?
3
Let w = -47 + 87. Let f = 2 + 58. Calculate the greatest common divisor of w and f.
20
Suppose 0 = b - 0*v + 4*v + 431, -2*v + 2067 = -5*b. Let j be 1/(b/105 + 4). Calculate the highest common divisor of 21 and j.
21
Suppose -4*a - a = -3*h - 6, 6 = 2*h. Suppose -a*n - 2*j = 2*j - 40, 22 = n - 3*j. Calculate the highest common divisor of n and 16.
16
Suppose 0 = -2*h - 5*h + 343. Calculate the highest common factor of h and 7.
7
Let m = -2078 - -2094. Let l(n) = -4*n. Let d be l(-4). Calculate the greatest common divisor of d and m.
16
Let k = -561 + 588. What is the greatest common divisor of k and 54?
27
Let t(r) = r**3 - 11*r**2 + 4*r - 3. Let s be t(10). Let h be s/(-2) + (-3)/2. What is the highest common factor of 6 and h?
6
Let u = -273 - -177. Let x = 479 + -473. Let l be (x/(-12))/(2/u). What is the greatest common factor of l and 3?
3
Let f(h) = h**2 + 24*h - 21. Let z be f(-27). Calculate the highest common factor of z and 45.
15
Let a = -253 - -357. Let p = a - 65. Calculate the greatest common factor of p and 91.
13
Suppose -4*b - 84 = -3*l, -79 = 11*l - 13*l - 5*b. Suppose n = 3*o - o - 2, 0 = -2*n - 3*o + 17. Calculate the greatest common factor of l and n.
4
Suppose 4*f = -d + 52, 10*f - 11*f + 4*d = -30. Calculate the greatest common divisor of f and 16.
2
Let j = -80 - -57. Let y be (-8)/(-16) + 101/(-2). Let d = j - y. Calculate the greatest common factor of 3 and d.
3
Let r = -210 + 212. Suppose -a + 2*a - 202 = 0. Suppose w - r*w - 186 = -c, -3*w = c - a. What is the highest common factor of c and 19?
19
Suppose 0 = -2*t - 0*t + 506. Suppose -14*c + 533 - 379 = 0. What is the greatest common factor of c and t?
11
Suppose -3*l - 3*g = -138, 3*l - l + g = 91. Calculate the greatest common factor of 5 and l.
5
Suppose -4*s = 2*s - 12. Suppose 0 = -5*j - s*t + 440, -4*t - 491 = -5*j - 51. Suppose 0*o - 24 = -3*o. Calculate the highest common factor of o and j.
8
Suppose 7*p - 277 - 59 = 0. What is the greatest common divisor of 888 and p?
24
Let d = 46 + 9. Calculate the highest common factor of d and 33.
11
Let n be (-18)/4*(-70)/7. What is the greatest common factor of 60 and n?
15
Let f = 16 + 76. Calculate the greatest common divisor of 23 and f.
23
Let w(t) = -t**2 + 6*t + 1. Let x be w(5). Let a = 117 + -111. What is the highest common divisor of a and x?
6
Suppose -4*i + 8*i - 20 = 0. Suppose -i*a = -0*a - 25. Suppose -4*o + 25 = o. Calculate the greatest common divisor of a and o.
5
Suppose -5*p = 2*o + 48, 4*p + 5*o = -0*p - 35. Let k = p + 18. Suppose 19*c - 62*c + 278 = -66. What is the greatest common divisor of k and c?
8
Let a(x) be the first derivative of -x**2/2 + 12*x - 4. Let d be a(10). Let v = -5 - -9. Calculate the highest common divisor of d and v.
2
Let r be (30*6/(-24))/((-4)/88). What is the highest common factor of r and 22?
11
Let b(c) = 3*c**2 - 6*c + 1. Let z be b(4). Let l = -373 + 383. What is the greatest common divisor of l and z?
5
Let b(g) be the first derivative of -g**3/3 + 9*g**2/2 - 3*g + 15. Let r be b(3). What is the greatest common factor of 10 and r?
5
Suppose -3*t = -4*g + 82, g - 2*t + 11 = 39. Suppose -2*f = -5*f - 3*w + 54, 5*f - 5*w = 70. What is the highest common divisor of g and f?
16
Suppose -p + 3*p = 10. Let u be 49 + p + 0 + -2. What is the highest common divisor of 78 and u?
26
Let k = 149 - 117. What is the highest common divisor of k and 80?
16
Let g(w) = 25*w**2 + 1. Let f be g(-1). Suppose 0 = 8*j - 215 - 201. Suppose j = -5*a + 6*a. Calculate the greatest common factor of a and f.
26
Suppose -2*p + 114 = 2*d, 236 = 4*d - 2*p - 2*p. Suppose 0 = 2*y + g - 60, 4*y = -0*y + 3*g + 110. Calculate the highest common divisor of y and d.
29
Suppose 29*z + 854 = 90*z. Let f be (-26)/(-4) - (-1)/2. Calculate the greatest common factor of z and f.
7
Suppose g - 77 = -4*f - 0*g, -5*g = 5*f - 115. Suppose -5*n = -p - n + 3, 3*p = 3*n + f. Calculate the greatest common divisor of 56 and p.
7
Let h(s) = 5*s - 37. Let m be h(8). Suppose 5*k + 2*z = 2*k + 37, -m*k + 2 = -5*z. Calculate the greatest common divisor of k a